, what is c4 - 3996b?
-39877
In base 16, what is -2b92fb + -73?
-2b936e
In base 9, what is -1133211 + -21?
-1133232
In base 11, what is -434103 - 1?
-434104
In base 12, what is -188 + 16551?
16385
In base 14, what is 4b + 33160c?
331659
In base 10, what is 150030188 - -1?
150030189
In base 15, what is 22c38 + -42?
22be6
In base 4, what is 220320030021 + -3?
220320030012
In base 15, what is -a + -1dc30c?
-1dc317
In base 4, what is -3 + 2111201002?
2111200333
In base 8, what is -2 - 504204125?
-504204127
In base 9, what is -106330 - 1544?
-107874
In base 3, what is 221020202120 - -1211?
221020211101
In base 13, what is b9 + -10054?
-cc68
In base 14, what is -15b + -1480?
-15db
In base 2, what is 101 + 110100001110101011111001001?
110100001110101011111001110
In base 11, what is -1a3 + -264306?
-2644a9
In base 6, what is 14250201 + 2304?
14252505
In base 14, what is 11a2b04 - 5?
11a2add
In base 10, what is 459 - -848719?
849178
In base 9, what is -31573 + -64470?
-106153
In base 11, what is -91 + 6aa297?
6aa206
In base 9, what is 14 - -484486?
484511
In base 7, what is 0 + -63466225?
-63466225
In base 16, what is 12e716 - -4a?
12e760
In base 14, what is -926 - -4829?
3d03
In base 6, what is -303 + -215204212?
-215204515
In base 15, what is 11082 - 40c?
10b75
In base 3, what is 210210111100 - -120?
210210111220
In base 5, what is 4 - -104330042101?
104330042110
In base 3, what is 10202211200201 + -2?
10202211200122
In base 15, what is 14c + 6621?
676d
In base 12, what is -234325 - 1?
-234326
In base 5, what is 123 - -231241?
231414
In base 15, what is -143 + 246eb1?
246d6d
In base 16, what is -4 + -1844ab0?
-1844ab4
In base 15, what is -b613a8 - 3c?
-b613e5
In base 5, what is -23 - 20023110?
-20023133
In base 8, what is -3156344421 - -3?
-3156344416
In base 6, what is -42 - -233532423?
233532341
In base 15, what is -494 + 43e5d?
439b9
In base 13, what is 1507 - -618?
1b22
In base 9, what is -318530 + -8713?
-328343
In base 2, what is -100100000110111010110100 + -1?
-100100000110111010110101
In base 3, what is 211000221 - -22222?
211100220
In base 10, what is 70 + -673228?
-673158
In base 11, what is 579a71 + -189?
579893
In base 11, what is 5 - -2987925?
298792a
In base 11, what is -30 + -18aa6a?
-18aa9a
In base 8, what is 0 - -167023133?
167023133
In base 15, what is -1794e + -5d?
-179ac
In base 4, what is 1020001022203 + -113?
1020001022030
In base 2, what is -1 - -11001000100001111101011000?
11001000100001111101010111
In base 7, what is 4 + -114306346?
-114306342
In base 8, what is 13 + -2715605?
-2715572
In base 2, what is -10001101000001111111000000 + -1?
-10001101000001111111000001
In base 6, what is -4 + 22054302231?
22054302223
In base 5, what is -11433332 + 40032?
-11343300
In base 2, what is -1110001011 + -101000011010110100?
-101000101000111111
In base 8, what is 2675 - 263437?
-260542
In base 2, what is 101000001101 - -1110011001?
110110100110
In base 5, what is -2 - 32244234120?
-32244234122
In base 10, what is 4699 - 1122?
3577
In base 9, what is -586316 + 50?
-586256
In base 14, what is 9 - 552536a?
-5525361
In base 7, what is 3044 + -124443?
-121366
In base 13, what is -5 - -136b299?
136b294
In base 7, what is 44606435 + -5?
44606430
In base 12, what is -2673499 + -5?
-26734a2
In base 16, what is -11ec - be?
-12aa
In base 7, what is 1121 - -133234?
134355
In base 9, what is 413276172 + -2?
413276170
In base 10, what is -34 - -498514?
498480
In base 9, what is -3 + 164082005?
164082002
In base 11, what is 643 + 12883?
13416
In base 7, what is 11 - 520036?
-520025
In base 11, what is -249280 + 1085?
-2481a6
In base 14, what is -1a20 - dc29?
-11849
In base 7, what is -1254610 - -156?
-1254421
In base 8, what is -1140 + -622314?
-623454
In base 6, what is -12120 + -13443?
-30003
In base 9, what is -5223 + -16746?
-23070
In base 5, what is 0 + -434412130?
-434412130
In base 5, what is -2420341324 + -13?
-2420341342
In base 11, what is 0 + 4004a81?
4004a81
In base 8, what is -1741 + -516?
-2457
In base 15, what is -93 + 45aa24?
45a981
In base 4, what is -131131 - 11121013?
-11312210
In base 6, what is -4211132 - 202?
-4211334
In base 2, what is -11011000 + 1110011001100011101?
1110011001001000101
In base 4, what is -12031203330223 + 11?
-12031203330212
In base 10, what is -15 - 1482?
-1497
In base 8, what is 16070226 - 5?
16070221
In base 13, what is 32 - 3c0634?
-3c0602
In base 5, what is 100100122 + -3?
100100114
In base 4, what is -32003 - 2002302?
-2100311
In base 13, what is -504a6 + -31?
-50507
In base 11, what is -21746 + 809?
-20a38
In base 10, what is 7416 + -670?
6746
In base 3, what is -2020212 - -1001022?
-1012120
In base 4, what is -33023 + -2212233?
-2311322
In base 3, what is 22210010012 + 1110111?
22211120200
In base 14, what is 15 - ada6?
-ad91
In base 13, what is -6235180 - -5?
-6235178
In base 12, what is 113 + 296a?
2a81
In base 15, what is -c335 - 8?
-c33d
In base 14, what is 0 - 187b64?
-187b64
In base 14, what is 100576670 + 3?
100576673
In base 16, what is 4 - 16c244?
-16c240
In base 13, what is -1 - -1109399b?
1109399a
In base 8, what is -5 + 2417044?
2417037
In base 10, what is -628531 + 45?
-628486
In base 13, what is -32c7 + 3a?
-328a
In base 10, what is -3 + 19296470?
19296467
In base 2, what is -111010010 + 1101100100110100110?
1101100011111010100
In base 3, what is -100100112212 - 11120?
-100100201102
In base 15, what is -12c6 + -3c57?
-502d
In base 14, what is -328a6 + -5?
-328ab
In base 6, what is 214033 - -103422?
321455
In base 16, what is c - -45c2d6?
45c2e2
In base 14, what is -5 - -1db9404?
1db93dd
In base 7, what is 102531655 - -2?
102531660
In base 14, what is 77 - -40a58?
40ad1
In base 5, what is 401 + 30424411?
30430312
In base 2, what is -1011000010 - 110000110010110?
-110010001011000
In base 15, what is -23aeae + -10?
-23aebe
In base 8, what is -223 + -656106?
-656331
In base 11, what is 1707 + 869?
2475
In base 8, what is 152004640 - 3?
152004635
In base 12, what is -1b + 42b36?
42b17
In base 14, what is -7d9 + 5844?
5049
In base 3, what is -121112202 - 10?
-121112212
In base 16, what is 1fc7af - 2b?
1fc784
In base 9, what is 123 - -201521?
201644
In base 10, what is -333 + 32162?
31829
In base 4, what is 313002 + 1023030?
2002032
In base 13, what is -82a176b + -2?
-82a1770
In base 2, what is -10110100010001111111110011 - -1?
-10110100010001111111110010
In base 13, what is 3243 - b03?
2440
In base 16, what is -5 + 5565cc?
5565c7
In base 12, what is 347 + 3102?
3449
In base 13, what is 0 - 51b02a82?
-51b02a82
In base 15, what is 3d - 2c266?
-2c228
In base 11, what is 23 + 731021?
731044
In base 16, what is 24 - -378c3?
378e7
In base 8, what is 2221231175 - -4?
2221231201
In base 6, what is -5303 + 33304224?
33254521
In base 3, what is 210121010 + 1212010?
212110020
In base 8, what is -5 - -41272204?
41272177
In base 7, what is 11335520 - -365?
11336215
In base 7, what is -4 + -2416264240?
-2416264244
In base 14, what is 37d0a1d - 5?
37d0a18
In base 6, what is 150311121 - 34?
150311043
In base 14, what is -6a - 76367?
-763d3
In base 16, what is -82f6 - -2a76?
-5880
In base 9, what is -70 + 4752528?
4752448
In base 14, what is 2d369 - -161b?
30986
In base 2, what is 11101000101010 - 1000011101?
11100000001101
In base 9, what is 3513 + 4267?
7781
In base 10, what is 5 + 8556111?
8556116
In base 4, what is 131 + -322130031?
-322123300
In base 7, what is 5066 + -20105?
-12006
In base 8, what is 113161 + 763?
114144
In base 16, what is -2 + -190d21?
-190d23
In base 3, what is -211001012 + 111112?
-210112200
In base 10, what is 15145 - -819?
15964
In base 16, what is -5058e - 3b?
-505c9
In base 12, what is -740a7a + -12?
-740a90
In base 15, what is -1d - 73789?
-737a7
In base 13, what is b37 + 1cac?
2b16
In base 10, what is 6 + -60225559?
-60225553
In base 11, what is -86475 - 714?
-87089
In base 2, what is 101101011101000100101000 + -1?
101101011101000100100111
In base 13, what is -834533 + -19?
-83454c
In base 9, what is 3323176 + 505?
3323682
In base 10, what is -27413163 - 0?
-27413163
In base 11, what is 311843705 + 0?
311843705
In base 9, what is -25382772 + 1?
-25382771
In base 3, what is 11022212 + -1112021210?
-1100221221
In base 11, what is -2682954a - -7?
-26829543
In base 9, what is -4